9248.
289
Calculate the greatest common factor of 6090 and 429170.
70
What is the highest common factor of 22720 and 4160?
320
What is the highest common factor of 779 and 870143?
779
What is the highest common factor of 1677 and 132?
3
Calculate the greatest common divisor of 2188 and 9.
1
Calculate the greatest common factor of 968 and 15672.
8
What is the highest common factor of 21360 and 240?
240
Calculate the greatest common factor of 6669 and 150423.
741
What is the highest common divisor of 571769 and 1762?
881
What is the greatest common factor of 29024 and 9376?
32
What is the greatest common factor of 5449113 and 81?
81
What is the highest common divisor of 187083 and 123?
123
What is the greatest common divisor of 460 and 2967?
23
What is the greatest common factor of 74 and 114?
2
What is the highest common divisor of 54718 and 3488?
218
What is the greatest common divisor of 2380 and 957712?
476
Calculate the greatest common factor of 11116484 and 1052.
1052
What is the greatest common factor of 5115 and 13035?
165
Calculate the highest common factor of 55759 and 1184.
37
Calculate the highest common factor of 40199 and 488.
61
What is the highest common factor of 462 and 54726?
42
Calculate the greatest common factor of 961286 and 2337.
779
What is the greatest common factor of 330 and 10758?
66
Calculate the highest common factor of 6895 and 106295.
35
What is the greatest common factor of 13977 and 21742?
1553
What is the greatest common factor of 2016 and 183712?
32
What is the highest common divisor of 63956 and 1355?
271
What is the highest common divisor of 15 and 37117?
1
Calculate the greatest common factor of 67 and 34103.
67
What is the greatest common divisor of 67625 and 500?
125
What is the highest common divisor of 115562 and 14?
2
What is the highest common factor of 643084 and 130?
26
What is the greatest common divisor of 6150 and 3198?
246
Calculate the greatest common divisor of 911521 and 13.
13
Calculate the greatest common factor of 794024 and 182.
14
What is the greatest common factor of 40 and 5890?
10
What is the highest common factor of 217978 and 22?
2
What is the greatest common divisor of 376744 and 8?
8
What is the greatest common divisor of 1213844 and 292?
292
What is the greatest common divisor of 92 and 5911?
23
What is the highest common factor of 925433 and 2757?
919
Calculate the highest common divisor of 4632 and 435987.
579
Calculate the highest common factor of 87640 and 66982.
626
Calculate the greatest common factor of 133 and 166516.
133
Calculate the highest common factor of 124761 and 1365.
273
What is the highest common factor of 100498 and 436?
218
What is the highest common factor of 89615 and 15?
5
What is the highest common divisor of 21172 and 45?
1
Calculate the highest common divisor of 36 and 25614.
18
Calculate the highest common factor of 232 and 824.
8
Calculate the greatest common factor of 500 and 375.
125
What is the greatest common divisor of 76 and 8132?
76
What is the greatest common divisor of 152907 and 7?
1
What is the greatest common divisor of 49440 and 192?
96
What is the greatest common divisor of 220 and 3110?
10
What is the highest common divisor of 1888 and 2596?
236
Calculate the greatest common factor of 8477 and 346.
173
What is the highest common divisor of 49965 and 6?
3
Calculate the greatest common divisor of 19662 and 62150.
226
What is the highest common divisor of 8359 and 15132?
13
What is the highest common divisor of 14126 and 2051?
7
Calculate the greatest common divisor of 1132 and 46.
2
What is the highest common factor of 858924 and 176?
44
Calculate the highest common factor of 624 and 14416.
16
What is the greatest common divisor of 36103 and 116078?
457
What is the highest common factor of 162 and 185556?
6
Calculate the greatest common factor of 190 and 3515.
95
Calculate the highest common divisor of 2881 and 1742.
67
Calculate the highest common factor of 20 and 44530.
10
What is the greatest common factor of 743899 and 26?
13
What is the highest common divisor of 152379 and 9?
9
What is the highest common factor of 192 and 102264?
24
What is the highest common divisor of 91 and 40625?
13
Calculate the highest common divisor of 17363 and 679.
97
Calculate the highest common factor of 89020 and 20.
20
Calculate the greatest common divisor of 41112 and 17712.
72
Calculate the greatest common divisor of 66 and 18381.
33
Calculate the greatest common factor of 58742 and 92.
46
Calculate the highest common factor of 623489 and 107.
107
Calculate the highest common factor of 60 and 22290.
30
Calculate the greatest common divisor of 336 and 787668.
84
What is the highest common factor of 80 and 8144?
16
What is the greatest common divisor of 182 and 192283?
91
What is the highest common factor of 152 and 241756?
76
What is the highest common factor of 121605 and 1675?
335
What is the greatest common factor of 54966 and 6?
6
Calculate the greatest common factor of 215 and 42865.
5
What is the highest common factor of 54918 and 226?
226
Calculate the highest common divisor of 4158 and 3843.
63
What is the greatest common divisor of 27678 and 252?
42
Calculate the greatest common factor of 84 and 1966797.
21
What is the highest common divisor of 105 and 63147?
21
What is the highest common factor of 57018 and 52?
26
What is the greatest common factor of 60722 and 388?
194
What is the greatest common factor of 146698 and 738?
82
Calculate the highest common factor of 19761 and 651.
21
What is the highest common divisor of 487207 and 98?
49
What is the greatest common divisor of 141813 and 63?
63
Calculate the greatest common divisor of 806 and 862916.
62
Calculate the greatest common factor of 34 and 42245.
17
Calculate the highest common factor of 24815 and 175.
35
Calculate the greatest common factor of 32 and 74608.
16
Calculate the highest common divisor of 1475 and 47825.
25
What is the greatest common divisor of 3016 and 2216?
8
Calculate the greatest common divisor of 5049 and 118800.
297
Calculate the highest common factor of 86995 and 508.
127
Calculate the greatest common factor of 14090 and 1190.
10
What is the greatest common divisor of 7747 and 61?
61
What is the greatest common divisor of 88668 and 513?
27
Calculate the greatest common divisor of 10 and 606340.
10
What is the greatest common factor of 117 and 1719?
9
What is the greatest common factor of 6960 and 5520?
240
What is the highest common factor of 328 and 83558?
82
Calculate the highest common divisor of 20955 and 13035.
165
What is the greatest common factor of 427943 and 2?
1
Calculate the greatest common factor of 3180 and 76956.
636
What is the greatest common divisor of 102284 and 14?
14
What is the highest common factor of 411444 and 33?
33
What is the highest common divisor of 28280 and 1890?
70
What is the greatest common factor of 75876 and 516?
12
Calculate the greatest common factor of 145502 and 2128.
266
Calculate the greatest common divisor of 130 and 54418.
26
What is the greatest common factor of 229307 and 5642?
403
What is the greatest common divisor of 1535352 and 3626?
518
What is the greatest common factor of 14742 and 5278?
182
Calculate the highest common factor of 16337 and 10540.
527
What is the greatest common divisor of 11778 and 897?
39
What is the highest common divisor of 348855 and 390?
195
Calculate the highest common divisor of 1056 and 8256.
96
Calculate the greatest common divisor of 2973680 and 320.
80
What is the greatest common divisor of 443916 and 12996?
684
Calculate the highest common factor of 21024 and 672.
96
Calculate the greatest common factor of 414 and 7297716.
138
What is the highest common divisor of 34 and 255272?
34
Calculate the highest common factor of 2111 and 8.
1
What is the highest common divisor of 31536 and 486?
54
Calculate the highest common factor of 2573224 and 976.
488
What is the greatest common factor of 600 and 288120?
120
What is the greatest common divisor of 441 and 71197?
49
What is the highest common divisor of 234 and 239434?
26
Calculate the greatest common factor of 84 and 13552.
28
What is the greatest common factor of 110 and 3971?
11
What is the greatest common divisor of 440 and 43912?